{"id":13,"date":"2017-09-30T18:13:11","date_gmt":"2017-09-30T18:13:11","guid":{"rendered":"http:\/\/wp12871018.server-he.de\/wpshop\/?page_id=13"},"modified":"2025-03-04T18:44:15","modified_gmt":"2025-03-04T18:44:15","slug":"versandarten","status":"publish","type":"page","link":"https:\/\/weinhaus-graf.com\/wpshop\/versandarten\/","title":{"rendered":"Versandarten"},"content":{"rendered":"<h2>Versand innerhalb Deutschlands<\/h2>\n<p>Wir <strong>versenden<\/strong> Ihre Bestellung innerhalb Deutschlands mit DHL als Paket zum Preis von EUR 12,50 (inklusive MwSt.). Die <strong>maximale Artikelmenge<\/strong> pro Paket ist 20 St\u00fcck.<\/p>\n<p>Die Lieferung erfolgt in 6er, 12er und 20er Kartons auf Kosten des K\u00e4ufers.<\/p>\n<p>Wenn Sie die bestellten Waren bei uns abholen (lassen), berechnen wir keine Versandkosten (<strong>Abholung<\/strong> EUR 0,00).<\/p>\n<h2>Orders outside Germany<\/h2>\n<p><strong>International buyers<\/strong>, please contact us for your individual shipping costs.<\/p>\n<p>We are really sorry about this, but due to legal requirements (EU law) and technical limitations, we can not automatically provide shipping costs to every location outside Germany. Thus, you can&#8217;t place your order in our shop, unfortunately.<\/p>\n<p>If you are outside Germany, just call us and tell us your order: Phone +49 6727 213 \/ Fax +49 6727 5421 \/ E-Mail info@weinhaus-graf.de.<\/p>\n<p>(F\u00fcr den <strong>Versand ins Ausland<\/strong> kontaktieren Sie uns bitte, damit wir Ihnen die enstprechenden Versandkosten berechnen und mitteilen k\u00f6nnen. Leider k\u00f6nnen wir hier aufgrund technischer und rechtlicher Gegebenheiten keine automatische Versandkostenberechnung au\u00dferhalb Deutschlands anbieten.)<\/p>\n","protected":false},"excerpt":{"rendered":"<p>Versand innerhalb Deutschlands Wir versenden Ihre Bestellung innerhalb Deutschlands mit DHL als Paket zum Preis von EUR 12,50 (inklusive MwSt.). Die maximale Artikelmenge pro Paket ist 20 St\u00fcck. Die Lieferung erfolgt in 6er, 12er und 20er Kartons auf Kosten des K\u00e4ufers. Wenn Sie die bestellten Waren bei uns abholen (lassen), berechnen wir keine Versandkosten (Abholung [&hellip;]<\/p>\n","protected":false},"author":25,"featured_media":0,"parent":0,"menu_order":0,"comment_status":"closed","ping_status":"closed","template":"","meta":{"footnotes":""},"class_list":["post-13","page","type-page","status-publish","hentry"],"_links":{"self":[{"href":"https:\/\/weinhaus-graf.com\/wpshop\/wp-json\/wp\/v2\/pages\/13","targetHints":{"allow":["GET"]}}],"collection":[{"href":"https:\/\/weinhaus-graf.com\/wpshop\/wp-json\/wp\/v2\/pages"}],"about":[{"href":"https:\/\/weinhaus-graf.com\/wpshop\/wp-json\/wp\/v2\/types\/page"}],"author":[{"embeddable":true,"href":"https:\/\/weinhaus-graf.com\/wpshop\/wp-json\/wp\/v2\/users\/25"}],"replies":[{"embeddable":true,"href":"https:\/\/weinhaus-graf.com\/wpshop\/wp-json\/wp\/v2\/comments?post=13"}],"version-history":[{"count":11,"href":"https:\/\/weinhaus-graf.com\/wpshop\/wp-json\/wp\/v2\/pages\/13\/revisions"}],"predecessor-version":[{"id":7870,"href":"https:\/\/weinhaus-graf.com\/wpshop\/wp-json\/wp\/v2\/pages\/13\/revisions\/7870"}],"wp:attachment":[{"href":"https:\/\/weinhaus-graf.com\/wpshop\/wp-json\/wp\/v2\/media?parent=13"}],"curies":[{"name":"wp","href":"https:\/\/api.w.org\/{rel}","templated":true}]}}