{"id":31,"date":"2017-09-30T18:34:32","date_gmt":"2017-09-30T18:34:32","guid":{"rendered":"http:\/\/wp12871018.server-he.de\/wpshop\/?page_id=31"},"modified":"2023-07-13T09:48:59","modified_gmt":"2023-07-13T09:48:59","slug":"welcome","status":"publish","type":"page","link":"https:\/\/weinhaus-graf.com\/wpshop\/","title":{"rendered":"Herzlich Willkommen!"},"content":{"rendered":"<p>Wir freuen uns, dass Sie unsere Website besuchen. Hier m\u00f6chten wir Ihnen unser Unternehmen und unsere Produkte vorstellen.<\/p>\n<h2 style=\"text-align: left;\">Weine aus dem Hause Graf in Gensingen &#8230;<\/h2>\n<ul>\n<li style=\"text-align: left;\">entstehen aus einer Symbiose zwischen dem gezielt schonenden Anbau und dem behutsamen Ausbau im Weinkeller.<\/li>\n<li style=\"text-align: left;\">werden nicht durch \u00dcberredung, sondern durch Begeisterung gekauft.<\/li>\n<li style=\"text-align: left;\">sind weit \u00fcber die Grenzen Deutschlands hinaus bekannt und begehrt.<\/li>\n<\/ul>\n<p style=\"text-align: left;\">Unsere Weine sind kein industrielles Produkt, sondern vielmehr:<\/p>\n<h3 style=\"text-align: left;\">Weinkultur aus Tradition<\/h3>\n<p style=\"text-align: left;\"><a href=\"http:\/\/weinhaus-graf.com\/wpshop\/wp-content\/uploads\/2017\/10\/seereise1.jpg\"><img loading=\"lazy\" decoding=\"async\" class=\"size-full wp-image-70 alignleft\" src=\"http:\/\/weinhaus-graf.com\/wpshop\/wp-content\/uploads\/2017\/10\/seereise1.jpg\" alt=\"\" width=\"385\" height=\"307\" srcset=\"https:\/\/weinhaus-graf.com\/wpshop\/wp-content\/uploads\/2017\/10\/seereise1.jpg 385w, https:\/\/weinhaus-graf.com\/wpshop\/wp-content\/uploads\/2017\/10\/seereise1-324x258.jpg 324w, https:\/\/weinhaus-graf.com\/wpshop\/wp-content\/uploads\/2017\/10\/seereise1-300x239.jpg 300w\" sizes=\"auto, (max-width: 385px) 100vw, 385px\" \/><\/a>Diese Tradition begann bereits im siebzehnten Jahrhundert und wurde von unserem Vorfahren <strong>John Graf<\/strong> fortgef\u00fchrt, der das Weingut weit \u00fcber die Grenzen des heutigen Deutschlands sehr bekannt machte; er fuhr per Schiff \u00fcber die Ozeane, um den beliebten Rebensaft des Familien-Weingutes bis auf den amerikanischen Kontinent zu bringen. 1908 befuhr er zum 84. und letzten Mal die Weltmeere und verewigte sich mit seinen Gesch\u00e4ftskollegen auf einem Bild an Bord des Schnelldampfers &#8222;Kaiser Wilhelm der Gro\u00dfe&#8220;.<br \/>\nDer in Holzf\u00e4ssern gelagerte Wein wurde in Bingen am Rhein eingeschifft und ging von dort aus auf die gro\u00dfe Reise nach York (New York).<\/p>\n<p style=\"text-align: left;\">(Leider fehlen uns weiterf\u00fchrende Kenntnisse, wie Schiffsnamen, Passagierlisten und Zwischenstationen, wie z.B. die H\u00e4fen Hamburg, Bremerhaven, Bremen oder in den Niederlanden. Sp\u00e4ter wurde der Handel durch die Kriegszeiten zwangsl\u00e4ufig abgebrochen.Falls Sie uns weitere hilfreiche Informationen geben oder vermitteln k\u00f6nnen, zeigen wir uns gerne mit ein paar Leckereien aus unserem Hause erkenntlich!)<\/p>\n<p style=\"text-align: left;\"><a href=\"http:\/\/weinhaus-graf.com\/wpshop\/wp-content\/uploads\/2017\/10\/weinlese_1.jpg\"><img loading=\"lazy\" decoding=\"async\" class=\"size-full wp-image-73 alignright\" src=\"http:\/\/weinhaus-graf.com\/wpshop\/wp-content\/uploads\/2017\/10\/weinlese_1.jpg\" alt=\"\" width=\"206\" height=\"327\" srcset=\"https:\/\/weinhaus-graf.com\/wpshop\/wp-content\/uploads\/2017\/10\/weinlese_1.jpg 206w, https:\/\/weinhaus-graf.com\/wpshop\/wp-content\/uploads\/2017\/10\/weinlese_1-189x300.jpg 189w\" sizes=\"auto, (max-width: 206px) 100vw, 206px\" \/><\/a><strong>Jakob, Arthur<\/strong> und <strong>Karl G\u00fcnther Graf<\/strong> f\u00fchrten das Unternehmen zun\u00e4chst als Mischbetrieb (Landwirtschaft, Tierhaltung und Weinbau) weiter. Im Jahr 1982 begann Sohn Ulrich Graf mit der Flaschenweinvermarktung und der Umstellung des Gutes auf reinen Weinanbau.<br \/>\nSeit nunmehr \u00fcber 25 Jahren entwickelt sich das Weinhaus Graf stetig. Es w\u00e4chst und exportiert einen steigenden Anteil der wohlschmeckenden Weine ins benachbarte Ausland.<\/p>\n<p style=\"text-align: left;\">Alle bisherigen Modernisierungen haben wir jedoch behutsam und im Wissen um unser traditionelles Erbe der Weinerzeugung durchgef\u00fchrt, so da\u00df Sie versichert sein k\u00f6nnen, mit jeder Flasche ein echtes St\u00fcck handwerklicher Winzerkunst zu erwerben.<\/p>\n<p style=\"text-align: left;\">Nehmen auch Sie Anteil an dieser Weintradition und kontaktieren Sie uns, wir freuen uns auf Sie!<\/p>\n<p style=\"text-align: left;\"><em>Ihre Familie Graf<\/em><\/p>\n<h2 style=\"text-align: left;\">Unsere Leistungen<\/h2>\n<p style=\"text-align: left;\">Unser Angebot erstreckt sich von Rot-, Ros\u00e9e- und Wei\u00dfweinen \u00fcber Sekte und Destillate bis hin zu Gelees, Essigen, \u00d6len und kulinarischen K\u00f6stlichkeiten wie Nudeln, Rieslingsenf, Riesling-Bonbons oder Schokolade bis hin zu exklusiven Pr\u00e4sentverpackungen und mundgeblasenen Flaschen:<\/p>\n<p style=\"text-align: left;\">Verw\u00f6hnen Sie Ihre Kunden:<br \/>\nSie bestellen bei uns, und wir liefern das Pr\u00e4sentpaket in Ihrem Namen.<\/p>\n","protected":false},"excerpt":{"rendered":"<p>Wir freuen uns, dass Sie unsere Website besuchen. Hier m\u00f6chten wir Ihnen unser Unternehmen und unsere Produkte vorstellen. Weine aus dem Hause Graf in Gensingen &#8230; entstehen aus einer Symbiose zwischen dem gezielt schonenden Anbau und dem behutsamen Ausbau im Weinkeller. werden nicht durch \u00dcberredung, sondern durch Begeisterung gekauft. sind weit \u00fcber die Grenzen Deutschlands [&hellip;]<\/p>\n","protected":false},"author":25,"featured_media":0,"parent":0,"menu_order":0,"comment_status":"closed","ping_status":"closed","template":"template-homepage.php","meta":{"footnotes":""},"class_list":["post-31","page","type-page","status-publish","hentry"],"_links":{"self":[{"href":"https:\/\/weinhaus-graf.com\/wpshop\/wp-json\/wp\/v2\/pages\/31","targetHints":{"allow":["GET"]}}],"collection":[{"href":"https:\/\/weinhaus-graf.com\/wpshop\/wp-json\/wp\/v2\/pages"}],"about":[{"href":"https:\/\/weinhaus-graf.com\/wpshop\/wp-json\/wp\/v2\/types\/page"}],"author":[{"embeddable":true,"href":"https:\/\/weinhaus-graf.com\/wpshop\/wp-json\/wp\/v2\/users\/25"}],"replies":[{"embeddable":true,"href":"https:\/\/weinhaus-graf.com\/wpshop\/wp-json\/wp\/v2\/comments?post=31"}],"version-history":[{"count":13,"href":"https:\/\/weinhaus-graf.com\/wpshop\/wp-json\/wp\/v2\/pages\/31\/revisions"}],"predecessor-version":[{"id":7862,"href":"https:\/\/weinhaus-graf.com\/wpshop\/wp-json\/wp\/v2\/pages\/31\/revisions\/7862"}],"wp:attachment":[{"href":"https:\/\/weinhaus-graf.com\/wpshop\/wp-json\/wp\/v2\/media?parent=31"}],"curies":[{"name":"wp","href":"https:\/\/api.w.org\/{rel}","templated":true}]}}